+ -5478).
-87
What is 920 + -877 - (10 - 0)?
33
What is the value of (2 - 9 - (-40 - -20)) + -31 + -1?
-19
98 - (20 + (-77 - -60))
95
Calculate 52 + (31 - 42 - 14).
27
(25 - -2 - (-4 - -44)) + (2 - (-1 + -7))
-3
What is 30 - (1 - (-15 + 2) - (81 - 63))?
34
-17 + -2 - (-18 + 2 + -559 + 580)
-24
What is (54 - (49 + -20) - 36) + (0 - 10)?
-21
Calculate (0 - 70) + (787 - 750).
-33
What is -64 + (-2 - 1) + -433 + 434?
-66
What is (1 - -1) + (-28 + 15 - (3 + -45))?
31
Calculate 22 + (12 - (14 + (-9 - (-13 + 14)))).
30
What is 57 - (-7 + 30 + -6 + (-7 - 6))?
53
What is the value of (2 + -36 - -69) + -8?
27
What is (4 + -15 - (-13 + 19)) + 5 + 156?
144
Evaluate (40 - 3) + (15 - (-30 - -21) - 9).
52
Calculate 21 + 18 + 8 + -14 + (-5 - 3).
25
What is the value of 146 + -25 + -36 - 44?
41
Calculate -2 + 2 - -5 - (121 - 110 - (-8 - -1)).
-13
Calculate -8 + 16 + -2 - (-231 + 225).
12
Evaluate -40 + -12 - (80 + -131).
-1
What is 39 + (0 - 17) + (1 - 21)?
2
(13 - (0 + -1)) + (-191 - (-344 - -158))
9
Evaluate (16 - -7) + (-3 + 1 - (14 - (-9 + 29))).
27
Calculate 3 + -1 + (-84 - 2) - (243 + -218 + -11).
-98
Calculate 13 + (14 - 41) + 60 + -40.
6
Calculate 1 + (-13 - (-12 - -21 - 19)) - (6 - 0).
-8
(56 - -65) + -149 - ((5 - 2) + -15)
-16
Calculate (28 + -3 - 2) + (-52 - (-56 - -15)).
12
Evaluate (70 - (32 - -1)) + -26 + -103.
-92
Calculate 38 - (-25 + 149 + -57).
-29
What is -17 + (-7 - (-10 - (-11 - 3) - 14) - 9)?
-23
Calculate (12 - 18 - -10) + -1 + (-11 - -5) - 55.
-58
What is (19 - 28) + -13 + -81 + 84?
-19
-63 + -22 + 99 + -21
-7
37 - 19 - 8 - (-83 + -17 - -16)
94
What is the value of 5 - 1 - -1 - (8 - (-32 - -21 - 20))?
-34
Calculate 161 + -77 + -60 - 135.
-111
(6 - -3) + -1 - (-43 - (-20 + 28))
59
Calculate (143 - 2) + -2 - (-53 + (-157 - -230)).
119
What is the value of 26 + (33 - 1) + (3 - 21)?
40
4 - 0 - (-35 + 59 + 25 - -6)
-51
Calculate 16 + (-1 - 57) + 204 + -239.
-77
Calculate -57 + (45 - (48 + -63)).
3
Calculate 1 + (0 - 28 - 20) + (2 - (-1 + 3)).
-47
Calculate 4 + -26 - -38 - 41.
-25
What is the value of (-5 - -23) + 125 + -184 - -41?
0
18 - (-21 + (20 - (6 + 15 - 15)))
25
What is the value of (4 - 0) + (-66 - -36 - -69 - -2)?
45
16 - ((-178 + 178 - (-2 + 9)) + 3 + -1)
21
What is the value of (3 + -2 - 2) + (-1 - 10 - -39)?
27
Evaluate (-2 + -41 - (666 - 695)) + 14 + 1.
1
Calculate -11 - ((6 - (15 - 18)) + 4).
-24
(-5 - -75) + -1 - (19 - (-10 - -22) - 10)
72
What is -9 - 1 - ((-24 - 22 - -105) + (0 - 9))?
-60
Evaluate 31 - -3 - ((-56 - -43) + 23).
24
What is (-2 - 14) + (26 + 39 - -40 - 12)?
77
Calculate (2 - (-4 - 15) - 19) + -25.
-23
-16 + (18 - 2) - (9 - 3 - 4) - 12
-14
Calculate -29 - (31 + 20 + -40 - 24).
-16
What is the value of 11 + (-28 - -11) + (-23 - -3) + (-9 - -22)?
-13
164 - 262 - (-100 - -14)
-12
Calculate (3 - 1) + (-1363 + 1344 - (-117 + 2)).
98
What is -1 + (3 - 1) + 112721 + -112709?
13
What is 1 + -273 - (-2358 + 2199)?
-113
Evaluate 21 - (9 + (-11 - -22)) - 15.
-14
Calculate 24 + 3 - (-1 - (-17 + 26 - 12)).
25
What is -111 - (118 - 169) - -17?
-43
Calculate -12 + (-1 - 1 - (-29 + (47 - -24))).
-56
Calculate 0 + 1 + -3 + -21 + 25 + -25 + 0.
-23
What is (19 - (43 - 45)) + 14?
35
Evaluate -25 - (16 - (2 + 10 + -12 - -7)).
-34
-653 + 398 - (-131 - -12)
-136
Calculate -285 + 309 - (-2 - -29).
-3
Calculate (0 - 2 - -1) + (-5976 - -6016 - (-6 - 0)).
45
What is the value of -29 + 81 - 63 - ((-2 - -3) + -7) - -2?
-3
What is 64 + -185 + 171 - -46?
96
What is the value of -6 + -4 + (66 + -15 - 6)?
35
What is the value of 206 + -58 + -115 + 9?
42
What is -41 - ((-20 - -43) + (24 - 32))?
-56
What is 47 - (16 - -74) - -88?
45
Evaluate -101 + (98 - -18) + -21 + 0.
-6
Calculate 23 + -13 + 14 - 58 - -20.
-14
Evaluate (0 - 54) + (-85 - -129) + 145.
135
Calculate -83 + 24 + 40 - -59.
40
35 + -39 - (-8 - (-4 - -8)) - -54
62
What is the value of -20 - (-39 - (27 + (-10 - 28)))?
8
Evaluate -26 + -8 + (-24 - -11 - -6).
-41
What is the value of 61 + -21 + 23 + -26 + (-10 - -2)?
29
What is the value of 46 + 2 + -62 + 37?
23
What is the value of -5 + 2 + (0 - -2) - ((-80 - -39) + 23)?
17
(12 - 7) + (10 + -28 - -12) - -12
11
Calculate (9 - -14) + (-142 + -7 - -46).
-80
(-6 + 4 + 2 + -42 - 5) + -10
-57
Calculate -70 - (69 + -14 - 46).
-79
What is the value of 16 - (3 + -1 - ((-13 + 2 - -11) + 6))?
20
Evaluate 6 - 39 - 113 - (-4 + -7 + 10).
-145
What is -24 + -11 - (-5 - 24)?
-6
What is -2 - -45 - (-119 + 111 - (0 + -1) - -19)?
31
What is -69 + (-114 + 54 - (-53 - -5))?
-81
(19 - 39) + (24 + -40 - -140)
104
Calculate 116 + -90 - (6 + 52).
-32
Calculate 88 - (302 + -65 - 108).
-41
What is (-21 - -34) + 42 + (-14 - -8)?
49
What is 0 + -116 - (4431 + -4453)?
-94
(3 - 3) + 6 - (-14 + (-6 - 9) + 40)
-5
22 + -1 - ((10 + -10 - -11 - 6) + -9)
25
What is 8534 - 8539 - (-92 - -2 - (-2 + 2 + 2))?
87
What is -4 + (12 - (11 - (-9 + (104 - 8) + -1)))?
83
Evaluate (24 - 9 - 10) + (-17 - -1) - (-66 - 2).
57
46 + (26 - 59) - (-7 + -12)
32
What is 1 - (11 - (-3 + 1 - (21 + -47 + 10)))?
4
Evaluate 5 + -58 + (8 - -3 - -17) + -14.
-39
What is -70 - (-84 - (-35 + 30))?
9
What is 13 - (6 + -1 + (205 - 209) + 57)?
-45
Evaluate -15 + (78 - (-45 + 17)) - 35.
56
Calculate 30 + (6 + 18 + -55 - -46).
45
28 + (-5 - 50) + 47
20
Evaluate 83 - ((-23 - -114) + -23).
15
-94 - (-81 - -46) - -86
27
49 + -39 - (18 + 61 - 5)
-64
-4 + 15 + (392 - 450)
-47
What is the value of -84 + (145 - -32) + -5?
88
71 + (20 - 0 - (-297 - -286))
102
(277 - 279) + (-30 - (-1 + 0))
-31
What is (-171 - -193 - (-34 + (1 - 3))) + 7?
65
What is 83 - 11 - (15 - (-21 - -9))?
45
What is 6 + (1 - (7 + -2 + -7 + 0)) + 1?
10
Calculate 711 + -704 + -2 + (-70 - -2).
-63
Calculate 50 + (-3 - 2 - 1) + 6 + -16.
34
What is -42 - (-18 - (-10 - (5 - 2)))?
-37
Calculate -16 - ((58 + -36 - -87) + 9).
-134
Calculate -9 + (-6 - -14) + (26 - (-121 - -45)).
101
What is the value of 12 - (1 + 38 + (16 - 8))?
-35
Evaluate 439 - 433 - (-3 - -2 - -2).
5
What is (1 - 0) + -4 + 68 + -71?
-6
What is the value of (1 - (102 + (2 - 2))) + -9 - (41 - 39)?
-112
Calculate 27 + 27 + -87 - -62.
29
Calculate -16 + (18 - (-213 + 214 + 2 + -121)).
120
What is the value of (3 - (-4 + 20)) + 24 + (-11 - 1)?
-1
Calculate (-87 - 0) + (-45 - (-32 - 14 - 5)).
-81
1 - 1 - (-14 - 1 - (-51 + 38)) - 27
-25
241 - 224 - (-10 - 34)
61
What is the value of 40 + 1 + (-89 - (87 - 200))?
65
Evaluate -28 + -121 - (393 + -477).
-65
What is -48 + 53 + 38 + -23 + -35?
-15
-32 + (26 + 0 - 15)
-21
What is the value of -47 + 36 + (-87 - (-14 + (14 - 8)))?
-90
Evaluate 4488 + -4389 - ((0 - (1 - (0 - 2))) + 1).
101
(-1 - -92) + (127 + -165 - (-24 - -1))
76
42 - (5 - (-12 - 75))
-50
What is the value of (21 + -16 + -11 + -8 - 1) + -17?
-32
Evaluate 29 - (1 - 0 - ((42 - 19) + -11)).
40
Evaluate 12 + (0 - (15 - ((-7 - -6) + 11))) + 34.
41
What is the value of 14 - (-9 - (17 - -14 - 17) - -59)?
-22
(54 - 76) + (-8 - 5 - 5)
-40
What is the value of -12 - (13 + -13 + -9 + 7) - -3?
-7
Evaluate 54 - ((1 - (11 + -4 + -1)) + (1 - 4)).
62
Calculate (-4 + 2 + -6 - 42) + (-1 - 4) + 4.
-51
Evaluate (25 - (-8 + (-2 - -24))) + -39 + 3.
-25
Calculate 26 + -78 + -9 - -54.
-7
What is the value of 23 - 1 - ((41 - 63) + 9)?
35
Evaluate -26 + -2 - (-29 - (3 - (-29 - -61))).
-28
-33 - -4 - -5 - ((-8 - -7) + -4)
-19
38 + -22 + -8 + 1
9
Evaluate 36 + -1 - (-12 + (-7 - -4) + 133 + -128).
45
Evaluate -86 + -3 + -34 + 116.
-7
Evaluate 3 - (8 - -1 - 0 - (1 + (-11 - -43))).
27
62 - (67 + (-11 - 44) + 2 + -8)
56
What is the value of 18 + -2 + -1 + (407 - 396)?
26
Evaluate -4 - ((-69 - -11) + 7) - -15 - 1.
61
Calculate -13 + (17 + -13 - -7) - -24.
22
What is 13 - (-22 + (21 - (14 - 7)) - (-14 + -2))?
5
Calculate -65 - ((-65 - -53) + -76).
23
Calculate -178 - (113 + -126) - -51.
-114
Evaluate 13 - 0 - (-91 + (131 - -13)).
-40
What is -74 - (-73 - 16) - -63?
78
(-27 - -3) + (56 - 57 - (0 + 12))
-37
(5 - -20) + -91 + (4 - -13)
-49
What is 2 - -56 - (2308 + -2228)?
-22
What is the value of 3 - 12 - (3 - 2 - -33 - (204 + -211))?
-50
Evaluate (-79 - -40 - -30) + 79.
70
Evaluate -42 - (72 - 0 - (-409 - -444)).
-79
(-56 - 7) + -23 + (11 - (-8 - -3))
-70
What is (79 - -2 - -2) + (1 - 23)?
61
-107 + 46 - -64 - (5 + -4 + 3)
-1
What is (1 - 0) + 1 + (-6 - -3) + 8 + 45?
52
What is the value of (-134 - -275) + -175 